+ 58. Let m be b(20). Determine q(m).
8
Let r(c) = 6733*c**3 + 2*c**2 + 2 + 5*c - 6734*c**3 - 3. Suppose -4*k - 5*j + 0 - 1 = 0, 0 = -3*k - j + 2. Suppose 2*w - 7 = k. Calculate r(w).
-13
Let f(i) = 102*i - 393*i + 98*i - i**3 + 5 + 100*i + 94*i - 7*i**2. Give f(-4).
-47
Let t be (-16)/6*690/(-368). Let g(f) = -2*f**2 + 3*f + 10. Calculate g(t).
-25
Let y(m) = -9*m**2 - 10*m - 9. Let z(t) = -5*t**2 - 4*t - 4. Let a(n) = 3*y(n) - 7*z(n). Suppose -11 = -3*k - 2*c, 0 = -2*k + 6*k - c. Determine a(k).
7
Let h(l) be the second derivative of -1/12*l**4 + 9 + 4/3*l**3 + 0*l**2 + 6*l. Determine h(5).
15
Let u be (-17)/68 - (-1)/4. Let z(w) = -4*w**2 + 4*w - 7. Let l(y) = 5*y**2 - 5*y + 6. Let n(r) = -3*l(r) - 4*z(r). What is n(u)?
10
Let z = 5876 + -5874. Let u(i) = -8*i**2 + 7*i - 2. Give u(z).
-20
Let w = -3 + 6. Let b(u) = u**2 - w - 2 + 4 - 7*u. Let l = 2969183 - 2969177. Calculate b(l).
-7
Let z(g) be the first derivative of 3*g**2/2 + 27*g + 977. Calculate z(-19).
-30
Let l(n) = n**3 + 3*n**2 - 5*n - 4. Let u = 59 + 33. Suppose -u*c + 88*c - 16 = 0. Let q be l(c). Let j(f) = f - 10. Calculate j(q).
-10
Let v be (-40)/4*35/(-14). Let c(t) = 1 - 7 - 8*t**2 + v*t**2 - 6*t - 18*t**2. What is c(-4)?
2
Let c(u) = -11 - 2 + 3*u**3 + 14. Let x = 7 + -7. Let r(w) = -w**3 + w**2 - w - 2. Let a be r(x). What is c(a)?
-23
Let s(f) = f**2 - f - 6. Let n(g) = 46. Let t(x) = 29. Let v(m) = -5*n(m) + 8*t(m). Let a(r) = s(r) - 2*v(r). Give a(7).
32
Let c(j) = -j**3 - 6*j**2 + 4. Let a be c(-6). Let b(z) = -4*z**2 - 92*z + 29. Let k(r) = -r**2 - 27*r + 9. Let d(v) = 2*b(v) - 7*k(v). Calculate d(a).
-1
Let u(v) = -v**3 - 4*v**2 + 2*v - 11. Let s be u(-5). Let k(t) = 0*t - s*t**3 - 3279*t**2 + t + 6*t**3 + 3281*t**2 - 1. Determine k(-2).
-11
Suppose -645*f + 5*q - 128 = -649*f, -2*f + 4*q = -64. Let j(y) be the second derivative of -3*y**2 + f*y + 0 - 1/6*y**3. Give j(-5).
-1
Suppose 0 = -3*b - 2*v + 66, -2*b + 36 = -5*v - 27. Let t(o) = 10*o**2 - 7*o - 10 - 31*o + b*o + o**3. Determine t(-11).
23
Let f(w) = w**3 + 18*w**2 + 12*w - 61. Suppose -467 - 9 = 145*x - 117*x. What is f(x)?
24
Let d(c) = c**3 - 5*c**2 - 4*c - 4. Let f be (-4)/2 - 2/(2/(-11)). Let q(z) = 3*z - 13. Let y be q(f). Suppose 17*s - y*s - 18 = 0. Give d(s).
8
Let k(j) = j. Let y(f) = 11*f - 173. Let s be y(15). Let b be ((-216)/(-5))/6 - s/10. Determine k(b).
8
Let l(s) = -442 + 52*s + 45*s + 59*s - 145*s. Give l(40).
-2
Let a(n) = -n**3 - n**2 + 2*n + 1. Let w(y) = 3*y**3 + 3*y**2 - 6*y - 1. Let q(p) = 2*a(p) + w(p). Let k be q(0). Let u(o) = -5*o + 1. Give u(k).
-4
Let b(t) = -7*t + 8. Suppose 112*x = 113*x - 5*r + 2, -34 = -3*x - 5*r. Determine b(x).
-48
Let x(a) be the first derivative of a**3/3 + 17*a**2/2 + 21*a + 191. What is x(-12)?
-39
Let t(r) = 17*r - 205. Let g be ((-336)/(-21))/((-64)/(-48)). Determine t(g).
-1
Suppose 0 = 2*a + p - 35, -11 = -2*a + 3*p + 20. Let g(f) = -a*f + 12*f + 2*f + 12*f + 4. Give g(5).
49
Let n(a) = 6*a**3 - 16*a**2 + 2*a - 16. Let c(g) = 4*g**3 - 17*g**2 + g - 13. Let z(o) = 4*c(o) - 3*n(o). Determine z(-10).
16
Let q(o) = -2*o + 17. Let r be q(8). Let i(v) = 11 + v + 15*v**2 + 34 + 6 - 51. Calculate i(r).
16
Let a(s) = 9*s + 34. Suppose 132*u - 78*u = 82*u + 252. Give a(u).
-47
Suppose q = -3, 13*g + q + 38 = 8*g. Let h(l) = l**2 + 10*l + 7. Give h(g).
-14
Suppose -125*u = -130*u + 30. Let i(j) = -2*j**3 + j**2 - 4*j. Let s be i(-3). Let k(f) = 5 - 41*f + s*f - 35*f. What is k(u)?
-1
Let i be (-12)/27 - 66/(-27). Let w(d) = i - 53*d + 57*d + 0*d. Determine w(3).
14
Let g be ((-24)/(-32))/(2/40)*(-6)/(-216). Let l(p) be the third derivative of -4/3*p**3 - 1/120*p**6 + 3/20*p**5 + 22*p**2 + 0 + g*p**4 + 0*p. Give l(10).
-8
Let c(f) be the second derivative of -2*f**3/3 + 53*f**2/2 + f. Let h(u) = u - 13. Suppose -7 = 13*g + 19. Let k(l) = g*c(l) - 9*h(l). Give k(6).
5
Let v(c) be the second derivative of 0 + 3*c - 5/6*c**3 - 7/2*c**2 - 1/4*c**4. Let b(m) = 2*m**2 + 4*m + 6. Let h(o) = -6*b(o) - 5*v(o). What is h(-2)?
9
Suppose -18 + 8 = -j - 2*r, -4*j + 31 = -r. Let d(f) = 3 - 11*f + 25*f - j*f - f**3 - 7*f + 4*f**2. Calculate d(3).
9
Let q(u) = 3*u - 3. Suppose -12 = -19*a + 17*a. Let z be (-77)/(-33) - (-3 - (-20)/a). What is q(z)?
3
Let o = 4/1811 + 1779/14488. Let b(k) be the third derivative of 0 - 7*k**2 + 0*k - 2/3*k**3 - 1/15*k**5 - o*k**4 - 1/120*k**6. Calculate b(-3).
-4
Let j be (-6)/2 - 116/(37 + -8). Let l(z) = 9*z - 14. Calculate l(j).
-77
Suppose 2*n - 2*m + 0 = -2, -5*m + 5 = -4*n. Let j(h) be the third derivative of -h**6/120 + h**5/60 - h**4/24 + h**3/2 + 3019*h**2. Give j(n).
3
Suppose -2*p = -2*m + 7 + 7, -m + 4*p + 13 = 0. Suppose -m*d + 66 = -16*d. Let q(b) = -3*b - 4. Let n(x) = -1. Let y(t) = d*n(t) + q(t). Calculate y(5).
-13
Let u(v) be the second derivative of -v**3/2 + 9*v**2/2 - 2*v - 562. Determine u(3).
0
Let p(f) = f**3 - 9*f**2 + 8*f - 8. Suppose 31*v - 3353 - 9636 = 0. Let z = v - 411. Calculate p(z).
-8
Let w be -3 + 4 - -4 - -8. Let u(o) = 2 + 210*o**2 + 12*o - 421*o**2 + 7 + 210*o**2. What is u(w)?
-4
Let h = 4 - -2. Let y = -7 + h. Let b(c) = 4233 - 8471 + 4237 + 2*c**2 - 2*c. Calculate b(y).
3
Let u(l) be the second derivative of -3*l**2 - l**3 - 7/12*l**4 - 1/20*l**5 + 47*l + 2. Suppose 0 = -f - 2 - 4. What is u(f)?
-6
Let n(f) = 63*f + 3*f + 6*f + 37*f + 136 + 31*f. Calculate n(-1).
-4
Suppose p - 11 = -5*z, p = -2*z + 83 - 78. Let c(q) be the first derivative of -22 + 3*q**z - 2*q - 1/3*q**3. Determine c(6).
-2
Let r(k) = -2*k - 9. Suppose l = -4*b + 2*l + 12, 3*b + 5*l - 32 = 0. Let w be (-30)/b*(-10)/(-15). Calculate r(w).
1
Let v(b) = -4*b + 5*b**2 + 2*b - 3 - 562*b**3 + 563*b**3. Calculate v(-4).
21
Let m(d) be the first derivative of 29*d**6/360 + d**5/120 + d**4/24 + 68*d**3/3 - d**2/2 - 31. Let j(k) be the third derivative of m(k). Calculate j(-1).
29
Let l(y) = 2*y - 12. Let d(v) = 6*v - 866. Let z be d(125). Let k be (6/(-8))/((-2)/(-8)). Let q be k/(-4) + z/(-16). Give l(q).
4
Let x(k) = -k**3 - 16*k**2 - 2*k - 21. Let j(a) = -4*a + 28. Let o be j(11). Let n be x(o). Suppose -d + 14 - n = 0. Let g(w) = 2*w - 1. Determine g(d).
5
Let s(u) = -u**2 + 14*u + 64. Let d be s(-4). Let n(c) be the third derivative of 0*c + 0 - 7*c**2 - 5/3*c**3 - 1/24*c**4. Determine n(d).
-2
Suppose 0 = r + 11*r - 27 + 63. Let d(q) = -q**3 - 4*q**2 - 5*q - 3. Determine d(r).
3
Let h(l) = 1118*l - 89 + 1096*l + 1191*l - 3217*l - 289. Determine h(2).
-2
Let x(q) = -14*q**3 - 5*q**2 - 22*q**3 - 5*q + 37*q**3 + 10 + 0*q**2 + 0*q. Determine x(6).
16
Suppose 75*n - 29*n + 230 = 0. Let i(u) = -u**3 - 5*u**2 - 4*u - 5. What is i(n)?
15
Let q(k) = -k**2 - 16*k + 172. Let a = -20203 + 20180. What is q(a)?
11
Let w(t) = 0*t**2 + 28 + 2*t**2 + 29 - 33*t + 34 - 69. Calculate w(16).
6
Suppose -5*t = 4*g + 24, 5*g - 25 = -2*t - 38. Let x(h) be the third derivative of h**5/10 + h**4/24 - 12*h**2. What is x(g)?
5
Suppose -22*s - 942 = -876. Let a(f) = 4*f**2 + 14*f + 3. Give a(s).
-3
Let j = -3850 + 3877. Let d(l) = -9*l + 240. Determine d(j).
-3
Let c(h) = -5*h**2 - 4*h + 1. Let m(w) = 6*w + 188. Let v be m(-31). Let r(b) = -7*b**2 - 4*b + 2. Let u(k) = v*r(k) - 3*c(k). Determine u(-5).
6
Let y(w) = w + 4. Let m(i) = -i**3 - 27*i**2 + 27*i + 14. Let h be m(-28). Let b = -50 + h. Give y(b).
-4
Suppose 0 = m - 1, -20 = -3*p + m - 3. Let n = 305 + -302. Let q(y) = -y**2 + 7*y + 3. Let i(g) = 3*g**2 - 21*g - 8. Let c(r) = n*i(r) + 8*q(r). Determine c(p).
-6
Let r(j) = 6*j + 7. Let b(v) = 2*v + 2. Let s be (25 - 3)/(6/3 - 1). Let y(d) = s*b(d) - 6*r(d). Determine y(-2).
-14
Suppose -3*d + 67 = -c, -2*d + c + 28 = -3*c. Let u(m) = 27*m + 4 - 12*m**2 + 14*m**2 - d*m. Calculate u(-3).
13
Let x(f) = f**2 - 22*f + 42. Suppose -4*h + 180 = 5*h. Let u be x(h). Let v(o) = -1 - 23*o**3 + 5*o**3 - 2*o - 3*o**2 + u*o**2 + 0*o**2. Give v(-1).
18
Suppose -t + 4*t - 17 = -4*k, 4*k + 5*t - 23 = 0. Suppose -k*b = 2*b. Let h(i) be the first derivative of i**3/3 - 21*i - 16741. Calculate h(b).
-21
Let z = -328 - -331. Let m(h) = -3*h**3 + 264*h + h**3 - 257*h + 3*h**z + 7*h**2 + 5. Give m(-6).
-1
Let f be 7/((-210)/64) + (-52)/(-390). Let y(o) = o**2 + 3*o - 3. Determine y(f).
-5
Let b(y) = 4*y + 6. Let q(n) = -n - 2. Let r(j) = b(j) + 5*q(j). Let w(f) = f + 4. Let